{"id":1209,"date":"2024-02-21T17:19:35","date_gmt":"2024-02-21T20:19:35","guid":{"rendered":"https:\/\/rcsmetalurgica.com.br\/?page_id=1209"},"modified":"2024-02-23T12:40:45","modified_gmt":"2024-02-23T15:40:45","slug":"servicos","status":"publish","type":"page","link":"https:\/\/rcsmetalurgica.com.br\/?page_id=1209","title":{"rendered":"Servi\u00e7os"},"content":{"rendered":"\n<figure class=\"wp-block-gallery has-nested-images columns-2 is-cropped wp-block-gallery-1 is-layout-flex wp-block-gallery-is-layout-flex\">\n<figure class=\"wp-block-image size-large\"><img loading=\"lazy\" decoding=\"async\" width=\"757\" height=\"834\" data-id=\"1236\" src=\"https:\/\/rcsmetalurgica.com.br\/wp-content\/uploads\/2024\/02\/servicos-tratada.jpg\" alt=\"\" class=\"wp-image-1236\" srcset=\"https:\/\/rcsmetalurgica.com.br\/wp-content\/uploads\/2024\/02\/servicos-tratada.jpg 757w, https:\/\/rcsmetalurgica.com.br\/wp-content\/uploads\/2024\/02\/servicos-tratada-272x300.jpg 272w\" sizes=\"auto, (max-width: 757px) 100vw, 757px\" \/><\/figure>\n\n\n\n<figure class=\"wp-block-image size-large\"><img loading=\"lazy\" decoding=\"async\" width=\"757\" height=\"820\" data-id=\"1232\" src=\"https:\/\/rcsmetalurgica.com.br\/wp-content\/uploads\/2024\/02\/servicos-b-tratada.jpg\" alt=\"\" class=\"wp-image-1232\" srcset=\"https:\/\/rcsmetalurgica.com.br\/wp-content\/uploads\/2024\/02\/servicos-b-tratada.jpg 757w, https:\/\/rcsmetalurgica.com.br\/wp-content\/uploads\/2024\/02\/servicos-b-tratada-277x300.jpg 277w\" sizes=\"auto, (max-width: 757px) 100vw, 757px\" \/><\/figure>\n\n\n\n<figure class=\"wp-block-image size-large\"><img loading=\"lazy\" decoding=\"async\" width=\"673\" height=\"794\" data-id=\"1230\" src=\"https:\/\/rcsmetalurgica.com.br\/wp-content\/uploads\/2024\/02\/servicos-c-tratada.jpg\" alt=\"\" class=\"wp-image-1230\" srcset=\"https:\/\/rcsmetalurgica.com.br\/wp-content\/uploads\/2024\/02\/servicos-c-tratada.jpg 673w, https:\/\/rcsmetalurgica.com.br\/wp-content\/uploads\/2024\/02\/servicos-c-tratada-254x300.jpg 254w\" sizes=\"auto, (max-width: 673px) 100vw, 673px\" \/><\/figure>\n\n\n\n<figure class=\"wp-block-image size-large\"><img loading=\"lazy\" decoding=\"async\" width=\"1024\" height=\"624\" data-id=\"1234\" src=\"https:\/\/rcsmetalurgica.com.br\/wp-content\/uploads\/2024\/02\/servicos-d-tratada-1024x624.jpg\" alt=\"\" class=\"wp-image-1234\" srcset=\"https:\/\/rcsmetalurgica.com.br\/wp-content\/uploads\/2024\/02\/servicos-d-tratada-1024x624.jpg 1024w, https:\/\/rcsmetalurgica.com.br\/wp-content\/uploads\/2024\/02\/servicos-d-tratada-300x183.jpg 300w, https:\/\/rcsmetalurgica.com.br\/wp-content\/uploads\/2024\/02\/servicos-d-tratada-768x468.jpg 768w, https:\/\/rcsmetalurgica.com.br\/wp-content\/uploads\/2024\/02\/servicos-d-tratada.jpg 1348w\" sizes=\"auto, (max-width: 1024px) 100vw, 1024px\" \/><\/figure>\n\n\n\n<figure class=\"wp-block-image size-large\"><img loading=\"lazy\" decoding=\"async\" width=\"748\" height=\"1024\" data-id=\"1239\" src=\"https:\/\/rcsmetalurgica.com.br\/wp-content\/uploads\/2024\/02\/servicos-e-748x1024.jpg\" alt=\"\" class=\"wp-image-1239\" srcset=\"https:\/\/rcsmetalurgica.com.br\/wp-content\/uploads\/2024\/02\/servicos-e-748x1024.jpg 748w, https:\/\/rcsmetalurgica.com.br\/wp-content\/uploads\/2024\/02\/servicos-e-219x300.jpg 219w, https:\/\/rcsmetalurgica.com.br\/wp-content\/uploads\/2024\/02\/servicos-e-768x1052.jpg 768w, https:\/\/rcsmetalurgica.com.br\/wp-content\/uploads\/2024\/02\/servicos-e.jpg 899w\" sizes=\"auto, (max-width: 748px) 100vw, 748px\" \/><\/figure>\n\n\n\n<figure class=\"wp-block-image size-large\"><img loading=\"lazy\" decoding=\"async\" width=\"720\" height=\"786\" data-id=\"1235\" src=\"https:\/\/rcsmetalurgica.com.br\/wp-content\/uploads\/2024\/02\/servicos-f-tratada.jpg\" alt=\"\" class=\"wp-image-1235\" srcset=\"https:\/\/rcsmetalurgica.com.br\/wp-content\/uploads\/2024\/02\/servicos-f-tratada.jpg 720w, https:\/\/rcsmetalurgica.com.br\/wp-content\/uploads\/2024\/02\/servicos-f-tratada-275x300.jpg 275w\" sizes=\"auto, (max-width: 720px) 100vw, 720px\" \/><\/figure>\n\n\n\n<figure class=\"wp-block-image size-large\"><img loading=\"lazy\" decoding=\"async\" width=\"624\" height=\"828\" data-id=\"1231\" src=\"https:\/\/rcsmetalurgica.com.br\/wp-content\/uploads\/2024\/02\/servicos-g.jpg\" alt=\"\" class=\"wp-image-1231\" srcset=\"https:\/\/rcsmetalurgica.com.br\/wp-content\/uploads\/2024\/02\/servicos-g.jpg 624w, https:\/\/rcsmetalurgica.com.br\/wp-content\/uploads\/2024\/02\/servicos-g-226x300.jpg 226w\" sizes=\"auto, (max-width: 624px) 100vw, 624px\" \/><\/figure>\n\n\n\n<figure class=\"wp-block-image size-large\"><img loading=\"lazy\" decoding=\"async\" width=\"768\" height=\"1024\" data-id=\"1237\" src=\"https:\/\/rcsmetalurgica.com.br\/wp-content\/uploads\/2024\/02\/servicos-h-768x1024.jpg\" alt=\"\" class=\"wp-image-1237\" srcset=\"https:\/\/rcsmetalurgica.com.br\/wp-content\/uploads\/2024\/02\/servicos-h-768x1024.jpg 768w, https:\/\/rcsmetalurgica.com.br\/wp-content\/uploads\/2024\/02\/servicos-h-225x300.jpg 225w, https:\/\/rcsmetalurgica.com.br\/wp-content\/uploads\/2024\/02\/servicos-h-1152x1536.jpg 1152w, https:\/\/rcsmetalurgica.com.br\/wp-content\/uploads\/2024\/02\/servicos-h.jpg 1200w\" sizes=\"auto, (max-width: 768px) 100vw, 768px\" \/><\/figure>\n\n\n\n<figure class=\"wp-block-image size-large\"><img loading=\"lazy\" decoding=\"async\" width=\"1000\" height=\"600\" data-id=\"1240\" src=\"https:\/\/rcsmetalurgica.com.br\/wp-content\/uploads\/2024\/02\/servicos-j-tratada.png\" alt=\"\" class=\"wp-image-1240\" srcset=\"https:\/\/rcsmetalurgica.com.br\/wp-content\/uploads\/2024\/02\/servicos-j-tratada.png 1000w, https:\/\/rcsmetalurgica.com.br\/wp-content\/uploads\/2024\/02\/servicos-j-tratada-300x180.png 300w, https:\/\/rcsmetalurgica.com.br\/wp-content\/uploads\/2024\/02\/servicos-j-tratada-768x461.png 768w\" sizes=\"auto, (max-width: 1000px) 100vw, 1000px\" \/><\/figure>\n\n\n\n<figure class=\"wp-block-image size-large\"><img loading=\"lazy\" decoding=\"async\" width=\"1024\" height=\"588\" data-id=\"1241\" src=\"https:\/\/rcsmetalurgica.com.br\/wp-content\/uploads\/2024\/02\/servicos-l-tratada-1024x588.png\" alt=\"\" class=\"wp-image-1241\" srcset=\"https:\/\/rcsmetalurgica.com.br\/wp-content\/uploads\/2024\/02\/servicos-l-tratada-1024x588.png 1024w, https:\/\/rcsmetalurgica.com.br\/wp-content\/uploads\/2024\/02\/servicos-l-tratada-300x172.png 300w, https:\/\/rcsmetalurgica.com.br\/wp-content\/uploads\/2024\/02\/servicos-l-tratada-768x441.png 768w, https:\/\/rcsmetalurgica.com.br\/wp-content\/uploads\/2024\/02\/servicos-l-tratada.png 1529w\" sizes=\"auto, (max-width: 1024px) 100vw, 1024px\" \/><\/figure>\n\n\n\n<figure class=\"wp-block-image size-full\"><img loading=\"lazy\" decoding=\"async\" width=\"434\" height=\"919\" data-id=\"1424\" src=\"https:\/\/rcsmetalurgica.com.br\/wp-content\/uploads\/2024\/02\/pag-3-1.png\" alt=\"\" class=\"wp-image-1424\" srcset=\"https:\/\/rcsmetalurgica.com.br\/wp-content\/uploads\/2024\/02\/pag-3-1.png 434w, https:\/\/rcsmetalurgica.com.br\/wp-content\/uploads\/2024\/02\/pag-3-1-142x300.png 142w\" sizes=\"auto, (max-width: 434px) 100vw, 434px\" \/><\/figure>\n\n\n\n<figure class=\"wp-block-image size-large\"><img loading=\"lazy\" decoding=\"async\" width=\"523\" height=\"1024\" data-id=\"1407\" src=\"https:\/\/rcsmetalurgica.com.br\/wp-content\/uploads\/2024\/02\/pag-3-b-523x1024.png\" alt=\"\" class=\"wp-image-1407\" srcset=\"https:\/\/rcsmetalurgica.com.br\/wp-content\/uploads\/2024\/02\/pag-3-b-523x1024.png 523w, https:\/\/rcsmetalurgica.com.br\/wp-content\/uploads\/2024\/02\/pag-3-b-153x300.png 153w, https:\/\/rcsmetalurgica.com.br\/wp-content\/uploads\/2024\/02\/pag-3-b-552x1080.png 552w, https:\/\/rcsmetalurgica.com.br\/wp-content\/uploads\/2024\/02\/pag-3-b.png 708w\" sizes=\"auto, (max-width: 523px) 100vw, 523px\" \/><\/figure>\n<\/figure>\n","protected":false},"excerpt":{"rendered":"","protected":false},"author":1,"featured_media":0,"parent":0,"menu_order":0,"comment_status":"closed","ping_status":"closed","template":"","meta":{"saved_in_kubio":true,"footnotes":""},"class_list":["post-1209","page","type-page","status-publish","hentry"],"kubio_ai_page_context":{"short_desc":"","purpose":"general"},"yoast_head":"<!-- This site is optimized with the Yoast SEO plugin v18.4.1 - https:\/\/yoast.com\/wordpress\/plugins\/seo\/ -->\n<title>Servi\u00e7os - RCS Ind\u00fastria Meta\u00fargica<\/title>\n<meta name=\"robots\" content=\"index, follow, max-snippet:-1, max-image-preview:large, max-video-preview:-1\" \/>\n<link rel=\"canonical\" href=\"https:\/\/rcsmetalurgica.com.br\/?page_id=1209\" \/>\n<meta property=\"og:locale\" content=\"pt_BR\" \/>\n<meta property=\"og:type\" content=\"article\" \/>\n<meta property=\"og:title\" content=\"Servi\u00e7os - RCS Ind\u00fastria Meta\u00fargica\" \/>\n<meta property=\"og:url\" content=\"https:\/\/rcsmetalurgica.com.br\/?page_id=1209\" \/>\n<meta property=\"og:site_name\" content=\"RCS Ind\u00fastria Meta\u00fargica\" \/>\n<meta property=\"article:modified_time\" content=\"2024-02-23T15:40:45+00:00\" \/>\n<meta property=\"og:image\" content=\"https:\/\/rcsmetalurgica.com.br\/wp-content\/uploads\/2024\/02\/servicos-tratada.jpg\" \/>\n<meta name=\"twitter:card\" content=\"summary_large_image\" \/>\n<script type=\"application\/ld+json\" class=\"yoast-schema-graph\">{\"@context\":\"https:\/\/schema.org\",\"@graph\":[{\"@type\":\"WebSite\",\"@id\":\"https:\/\/rcsmetalurgica.com.br\/#website\",\"url\":\"https:\/\/rcsmetalurgica.com.br\/\",\"name\":\"RCS Ind\u00fastria Meta\u00fargica\",\"description\":\"RCS Metal\u00fargica. Fabrica\u00e7\u00e3o de engrenagens e acoplamentos; manuten\u00e7\u00e3o de redutores; usinagem em geral.\",\"potentialAction\":[{\"@type\":\"SearchAction\",\"target\":{\"@type\":\"EntryPoint\",\"urlTemplate\":\"https:\/\/rcsmetalurgica.com.br\/?s={search_term_string}\"},\"query-input\":\"required name=search_term_string\"}],\"inLanguage\":\"pt-BR\"},{\"@type\":\"ImageObject\",\"@id\":\"https:\/\/rcsmetalurgica.com.br\/?page_id=1209#primaryimage\",\"inLanguage\":\"pt-BR\",\"url\":\"https:\/\/rcsmetalurgica.com.br\/wp-content\/uploads\/2024\/02\/servicos-tratada.jpg\",\"contentUrl\":\"https:\/\/rcsmetalurgica.com.br\/wp-content\/uploads\/2024\/02\/servicos-tratada.jpg\",\"width\":757,\"height\":834},{\"@type\":\"WebPage\",\"@id\":\"https:\/\/rcsmetalurgica.com.br\/?page_id=1209#webpage\",\"url\":\"https:\/\/rcsmetalurgica.com.br\/?page_id=1209\",\"name\":\"Servi\u00e7os - RCS Ind\u00fastria Meta\u00fargica\",\"isPartOf\":{\"@id\":\"https:\/\/rcsmetalurgica.com.br\/#website\"},\"primaryImageOfPage\":{\"@id\":\"https:\/\/rcsmetalurgica.com.br\/?page_id=1209#primaryimage\"},\"datePublished\":\"2024-02-21T20:19:35+00:00\",\"dateModified\":\"2024-02-23T15:40:45+00:00\",\"breadcrumb\":{\"@id\":\"https:\/\/rcsmetalurgica.com.br\/?page_id=1209#breadcrumb\"},\"inLanguage\":\"pt-BR\",\"potentialAction\":[{\"@type\":\"ReadAction\",\"target\":[\"https:\/\/rcsmetalurgica.com.br\/?page_id=1209\"]}]},{\"@type\":\"BreadcrumbList\",\"@id\":\"https:\/\/rcsmetalurgica.com.br\/?page_id=1209#breadcrumb\",\"itemListElement\":[{\"@type\":\"ListItem\",\"position\":1,\"name\":\"In\u00edcio\",\"item\":\"https:\/\/rcsmetalurgica.com.br\/\"},{\"@type\":\"ListItem\",\"position\":2,\"name\":\"Servi\u00e7os\"}]}]}<\/script>\n<!-- \/ Yoast SEO plugin. -->","yoast_head_json":{"title":"Servi\u00e7os - RCS Ind\u00fastria Meta\u00fargica","robots":{"index":"index","follow":"follow","max-snippet":"max-snippet:-1","max-image-preview":"max-image-preview:large","max-video-preview":"max-video-preview:-1"},"canonical":"https:\/\/rcsmetalurgica.com.br\/?page_id=1209","og_locale":"pt_BR","og_type":"article","og_title":"Servi\u00e7os - RCS Ind\u00fastria Meta\u00fargica","og_url":"https:\/\/rcsmetalurgica.com.br\/?page_id=1209","og_site_name":"RCS Ind\u00fastria Meta\u00fargica","article_modified_time":"2024-02-23T15:40:45+00:00","og_image":[{"url":"https:\/\/rcsmetalurgica.com.br\/wp-content\/uploads\/2024\/02\/servicos-tratada.jpg"}],"twitter_card":"summary_large_image","schema":{"@context":"https:\/\/schema.org","@graph":[{"@type":"WebSite","@id":"https:\/\/rcsmetalurgica.com.br\/#website","url":"https:\/\/rcsmetalurgica.com.br\/","name":"RCS Ind\u00fastria Meta\u00fargica","description":"RCS Metal\u00fargica. Fabrica\u00e7\u00e3o de engrenagens e acoplamentos; manuten\u00e7\u00e3o de redutores; usinagem em geral.","potentialAction":[{"@type":"SearchAction","target":{"@type":"EntryPoint","urlTemplate":"https:\/\/rcsmetalurgica.com.br\/?s={search_term_string}"},"query-input":"required name=search_term_string"}],"inLanguage":"pt-BR"},{"@type":"ImageObject","@id":"https:\/\/rcsmetalurgica.com.br\/?page_id=1209#primaryimage","inLanguage":"pt-BR","url":"https:\/\/rcsmetalurgica.com.br\/wp-content\/uploads\/2024\/02\/servicos-tratada.jpg","contentUrl":"https:\/\/rcsmetalurgica.com.br\/wp-content\/uploads\/2024\/02\/servicos-tratada.jpg","width":757,"height":834},{"@type":"WebPage","@id":"https:\/\/rcsmetalurgica.com.br\/?page_id=1209#webpage","url":"https:\/\/rcsmetalurgica.com.br\/?page_id=1209","name":"Servi\u00e7os - RCS Ind\u00fastria Meta\u00fargica","isPartOf":{"@id":"https:\/\/rcsmetalurgica.com.br\/#website"},"primaryImageOfPage":{"@id":"https:\/\/rcsmetalurgica.com.br\/?page_id=1209#primaryimage"},"datePublished":"2024-02-21T20:19:35+00:00","dateModified":"2024-02-23T15:40:45+00:00","breadcrumb":{"@id":"https:\/\/rcsmetalurgica.com.br\/?page_id=1209#breadcrumb"},"inLanguage":"pt-BR","potentialAction":[{"@type":"ReadAction","target":["https:\/\/rcsmetalurgica.com.br\/?page_id=1209"]}]},{"@type":"BreadcrumbList","@id":"https:\/\/rcsmetalurgica.com.br\/?page_id=1209#breadcrumb","itemListElement":[{"@type":"ListItem","position":1,"name":"In\u00edcio","item":"https:\/\/rcsmetalurgica.com.br\/"},{"@type":"ListItem","position":2,"name":"Servi\u00e7os"}]}]}},"_links":{"self":[{"href":"https:\/\/rcsmetalurgica.com.br\/index.php?rest_route=\/wp\/v2\/pages\/1209","targetHints":{"allow":["GET"]}}],"collection":[{"href":"https:\/\/rcsmetalurgica.com.br\/index.php?rest_route=\/wp\/v2\/pages"}],"about":[{"href":"https:\/\/rcsmetalurgica.com.br\/index.php?rest_route=\/wp\/v2\/types\/page"}],"author":[{"embeddable":true,"href":"https:\/\/rcsmetalurgica.com.br\/index.php?rest_route=\/wp\/v2\/users\/1"}],"replies":[{"embeddable":true,"href":"https:\/\/rcsmetalurgica.com.br\/index.php?rest_route=%2Fwp%2Fv2%2Fcomments&post=1209"}],"version-history":[{"count":7,"href":"https:\/\/rcsmetalurgica.com.br\/index.php?rest_route=\/wp\/v2\/pages\/1209\/revisions"}],"predecessor-version":[{"id":1425,"href":"https:\/\/rcsmetalurgica.com.br\/index.php?rest_route=\/wp\/v2\/pages\/1209\/revisions\/1425"}],"wp:attachment":[{"href":"https:\/\/rcsmetalurgica.com.br\/index.php?rest_route=%2Fwp%2Fv2%2Fmedia&parent=1209"}],"curies":[{"name":"wp","href":"https:\/\/api.w.org\/{rel}","templated":true}]}}